t p be ((-23 - 0)*-1)/1. Suppose 5*t + 4*g - p - 2 = 0, 2*g = 2*t - 28. Calculate the remainder when 0 + (-3)/((-6)/34) is divided by t.
8
Let i(h) = h**3 - h**2 + 2*h + 78. Calculate the remainder when i(0) is divided by 22.
12
Let l = -149 + 160. Let q(u) = 3 - u**3 + 5*u**3 - 5*u**3 + 5*u**2. Calculate the remainder when q(3) is divided by l.
10
Let c(f) = -f**3 - 2*f**2 - f. Let x be c(-2). Suppose -x*n + 5*n - 39 = 0. Calculate the remainder when n is divided by -2 - ((-12)/4 + -4).
3
Suppose -a = 3*x + 2, 3*x = -2*a + 4*x + 3. Suppose b + a = 5. Let i = 10 - -4. Calculate the remainder when i is divided by b.
2
Calculate the remainder when (-1179)/(-21) - (-4)/(-28) is divided by 15.
11
Let l(a) = -6*a**2 + 71*a - 5. Let y(g) = -g**2 + 14*g - 1. Let j(v) = 2*l(v) - 11*y(v). Calculate the remainder when j(-10) is divided by 6.
3
Let y(t) = t**3 + 5*t**2 - 5*t - 10. What is the remainder when 56 is divided by y(-5)?
11
Suppose -j + d = -6, -2*j + 9 = 2*d - 7*d. Let x(g) = g**3 + 0*g**3 - j*g**2 + 6 - g**2 + 0. What is the remainder when x(8) is divided by 4?
2
Calculate the remainder when ((2 + -3)*-1)/((-11)/(-1595)) is divided by 21.
19
Suppose k + 0*k - 27 = 0. What is the remainder when 106 is divided by k?
25
Suppose 32 = 5*f - 43. Calculate the remainder when f is divided by 5.
0
Suppose 156 = 7*h - 4*h. What is the remainder when h is divided by (0 + 6)/(1/3)?
16
Let x(r) = -21*r + 7. Calculate the remainder when 54 is divided by x(-1).
26
Let z(d) = d - 3. Let i be z(5). Suppose o = -0*o - i. Calculate the remainder when 41 is divided by 14*o/(-8)*6.
20
Suppose -3*b = -6*w + 4*w - 11, -2*b + 12 = w. What is the remainder when 17 is divided by b?
2
Suppose 3*j - 17 = 88. What is the remainder when j is divided by 18?
17
Let j = 3 - -5. Calculate the remainder when (-6)/33 + (-732)/(-33) is divided by j.
6
Let w(l) = 5*l**2 + 2*l - 1. Let j be w(1). Let h = 21 - j. What is the remainder when 58 is divided by h?
13
Let y = 1 - -3. Let p = -2 + 5. Suppose -6*s = -h - p*s + 53, y*h + 2*s = 142. What is the remainder when h is divided by 13?
12
Let s = -43 - -61. What is the remainder when s is divided by 7?
4
Suppose 3*k = -39 + 114. Suppose 4*v = 19 + k. What is the remainder when 9/6*64/3 is divided by v?
10
Let q = -50 - -98. Suppose w - q = -2*w. What is the remainder when 46 is divided by w?
14
Let i = 35 + -18. Suppose o = x + i - 5, 6 = o + 5*x. What is the remainder when o is divided by (-26)/(-6) + (-1)/3?
3
Let h = 224 + -192. Calculate the remainder when h is divided by 13.
6
Suppose 17 = t - 3*a + 4, 2*t + 4*a + 4 = 0. Let y(n) = -4*n**2 + 2 - n**3 - 2*n + 6*n**2 + 2*n**2. What is the remainder when y(2) is divided by t?
2
Suppose -4*y + 3*j + 233 = 0, -y - 4*y - 4*j = -268. Calculate the remainder when y is divided by 19.
18
Suppose -2*a - 5*c + c - 8 = 0, 0 = -2*c - 8. Suppose -5*r + 3*i = 2*i - 42, -r + 4 = 2*i. Let k = r - a. What is the remainder when 10 is divided by k?
2
Let g be (-3)/(-3) + 2 - 0. Let v(b) = 81*b + 3. Let j be v(g). What is the remainder when 31 is divided by j/15 + 2/(-5)?
15
Suppose 0*s + s = 4. What is the remainder when 14 is divided by s?
2
Let r = -49 - -97. Suppose -4*h - 4*u = -2*h - r, 2*h - 36 = 2*u. Calculate the remainder when h is divided by 7.
6
Let h = 2 + 20. Let v be ((-16)/(-2))/(2/(-4)). Let z = -10 - v. Calculate the remainder when h is divided by z.
4
Let b = 5 + -1. Suppose -k = -b*v - 21, 4*k = -2*v - 0*v + 120. What is the remainder when k is divided by 15?
14
Suppose -5*l + 34 + 36 = 0. Let h = 30 - l. Suppose -q + h = q. Calculate the remainder when 23 is divided by q.
7
What is the remainder when 1818/54 + 4/3 is divided by 12?
11
Suppose -5*q = -15, 2*k + 5*q - 66 = q. What is the remainder when k is divided by 6?
3
Suppose -5*q = -4*j + 18, -q + 6*q = j - 12. What is the remainder when 3/(-2)*50/(-15) is divided by (-2)/j + -1 + 5?
2
Suppose 0 = -3*y - 0*y + 51. What is the remainder when 49 is divided by y?
15
Let w(i) = -7 + 0 + 0 + 9*i. Let n be w(5). Suppose 2 = j - 2*j - 4*q, -q = 3*j - n. Calculate the remainder when j is divided by 8.
6
Suppose 45 = -7*l + 591. Calculate the remainder when l is divided by 27.
24
Let h(x) = -x**3 + 17*x**2 - 14*x - 26. Calculate the remainder when 6 is divided by h(16).
0
Let o be 75/27 + (-4)/(-18). Suppose o*d + 1 - 7 = 0. Suppose 42 = -0*x + d*x. Calculate the remainder when 62 is divided by x.
20
Let u = -81 - -70. Let s(y) = -y**3 + 7*y**2 - 1. Let h be s(7). Calculate the remainder when 19 is divided by (0 + h)/(1/u).
8
Let k = -15 + 36. Let f = 89 + -27. Calculate the remainder when f is divided by k.
20
Let q = -3 + -1. Calculate the remainder when 1/(2/q) - -39 is divided by 13.
11
Let v be (-27)/(-5) + (-2)/5. Suppose -129 = -v*s + 51. Suppose -4*x + 6*x = s. What is the remainder when x is divided by 10?
8
What is the remainder when 2*22 - (5 - 3) is divided by (-22)/3*24/(-16)?
9
Let o be (6/8)/((-3)/(-12)). Suppose -7*n = -o*n - 120. Suppose 7*y - n = 2*y. What is the remainder when 11 is divided by y?
5
Let s = -7 + 37. Calculate the remainder when 58 is divided by s.
28
Let n(u) = 2*u + 5. What is the remainder when 57 is divided by n(5)?
12
Suppose 5*v + 111 = 3*p, -2*p - 2*v = 2*v - 96. Calculate the remainder when p is divided by 15.
12
Suppose 4*i - x + 6*x - 39 = 0, -5*x + 15 = 0. Suppose 0*o - o - 46 = -5*u, 2*u = o + 16. What is the remainder when u/(-45) + (-184)/(-18) is divided by i?
4
Let w(v) = 2*v**2 - 12*v - 16. What is the remainder when w(9) is divided by 8?
6
Suppose 2*i = 5*o - 84, 0*i = -4*o + 2*i + 66. Let x = -3 + 8. Calculate the remainder when o is divided by x.
3
Let o be (334/3)/((-2)/(-3)). Suppose 0 = 5*c + 25, -2*c = -4*m + 23 + o. Suppose -3*y - 2*y + m = 0. What is the remainder when 24 is divided by y?
6
Let s = 41 + -22. Calculate the remainder when 63 is divided by s.
6
Let t be 15 - (-5 + -1)/(-3). Suppose -o + 2*x + 14 = 0, -3*o - 7*x - 3 = -4*x. Suppose 0 = -o*m + 3*m + t. What is the remainder when 37 is divided by m?
11
Let c = -11 + 20. Suppose 0 = c*a - 6*a - 300. Suppose 5*o = a - 30. What is the remainder when o is divided by 8?
6
Suppose -1 = -4*t + 11. Suppose 5*q + 2*k = 24, -t*q = k + 2 - 17. Suppose 0 = 2*o - 24 - 10. What is the remainder when o is divided by q?
5
Suppose 3*k - k = 34. Let a(d) = -11*d + 6*d**2 - 9*d**2 + 5*d**2 + 0*d**2 + 10. Calculate the remainder when a(8) is divided by k.
16
Suppose -2*j - 4 = -2*i - 78, -3*i = j - 41. What is the remainder when j is divided by 11?
5
Suppose -4 = -2*b + 8. What is the remainder when 10 is divided by b?
4
What is the remainder when (-3 + 1 + 3)*29 is divided by 16?
13
Suppose 8*k - 3*k = 160. What is the remainder when k is divided by 7?
4
Let q be (2/(-5))/(7/350). Let h = 30 + q. What is the remainder when 19 is divided by h?
9
Suppose -4*m + 24 = -4*p + 4, 0 = -5*m + 3*p + 23. Suppose 0 = -m*l + 8 + 12, -5*q = 3*l + 30. What is the remainder when 11 is divided by (-2)/q - 52/(-9)?
5
Let i = 45 - 34. What is the remainder when i is divided by 2?
1
Let f(u) = -u**3 + 6*u**2 + 3. Let q be f(6). Let d = 0 - -14. Suppose -q*k - d = -56. What is the remainder when k is divided by 8?
6
Suppose 2*s - 94 = -4*u, s - 2*u = 16 + 31. Calculate the remainder when s is divided by 7.
5
What is the remainder when 62 is divided by 23 - 3/(9/15)?
8
Let r(y) = 11*y**2 - 2*y - 1. Calculate the remainder when r(-2) is divided by 11 - (-1)/1*1.
11
Let m = -68 - -97. Calculate the remainder when 80 is divided by m.
22
Suppose -2*t + 40 = 28. What is the remainder when 9 is divided by t?
3
Let v(p) = -p**3 - 4*p**2 + 7*p. Let z be v(-5). Suppose 7*n - 50 = 2*n. Let f = n - z. What is the remainder when f is divided by 7?
6
Suppose -3*i - 27 = -2*y - 3*y, -3*y = 5*i - 23. What is the remainder when 29 is divided by y?
5
Let n(s) = -s + 10. Let v be n(7). Suppose -6*o + v*o = -30. Calculate the remainder when (-1)/((-2)/36 + 0) is divided by o.
8
Suppose 2*p = 5*p. Suppose -4*z = -5*q + 261, p = -3*q - 10*z + 5*z + 127. Suppose 13 = 5*m - 72. What is the remainder when q is divided by m?
15
Suppose z + 3*z - 32 = 0. Calculate the remainder when 24 is divided by z.
0
Let a(f) = f**3 - f + 38. Suppose -3*g = -2*d - 4, 4*g - d + 5*d + 8 